
7, 59, 240707
List the prime factors of 98597611.
7, 107, 131639
List the prime factors of 342410744.
2, 13, 3292411
What are the prime factors of 2559272520?
2, 3, 5, 7, 3046753
List the prime factors of 2804006386.
2, 1402003193
List the prime factors of 1389943989.
3, 7, 7354201
List the prime factors of 4228216.
2, 528527
List the prime factors of 91815887.
269, 341323
What are the prime factors of 13640458?
2, 13, 524633
List the prime factors of 1799837558.
2, 113, 131, 60793
What are the prime factors of 8331604056?
2, 3, 37, 71, 14683
List the prime factors of 1226164583.
7, 3643, 6869
List the prime factors of 436403934.
2, 3, 1409, 17207
What are the prime factors of 16336818?
2, 3, 43, 21107
List the prime factors of 373278120.
2, 3, 5, 3110651
List the prime factors of 41767054.
2, 7, 19, 157019
What are the prime factors of 2618819392?
2, 7, 1297, 4507
List the prime factors of 155809047.
3, 4229, 12281
What are the prime factors of 2141915300?
2, 5, 7, 107, 28597
List the prime factors of 102748754.
2, 167, 307631
What are the prime factors of 7747573687?
7, 79, 113, 123983
What are the prime factors of 9663882465?
3, 5, 53, 12155827
List the prime factors of 208894405.
5, 751, 55631
What are the prime factors of 24586845?
3, 5, 17, 96419
What are the prime factors of 1048797191?
13, 103, 783269
What are the prime factors of 20592657?
3, 43, 17737
List the prime factors of 196097525.
5, 13, 127, 4751
List the prime factors of 412540147.
412540147
What are the prime factors of 1255127198?
2, 13, 47, 601, 1709
What are the prime factors of 255883441?
11, 23, 1011397
List the prime factors of 3478945301.
13, 8629, 31013
List the prime factors of 20709250.
2, 5, 82837
List the prime factors of 3985814998.
2, 11, 181173409
What are the prime factors of 42198484?
2, 10549621
List the prime factors of 424366253.
907, 467879
List the prime factors of 105317796.
2, 3, 8776483
List the prime factors of 17004841.
7, 293, 8291
What are the prime factors of 6126815308?
2, 229, 6688663
What are the prime factors of 1337530311?
3, 13, 11431883
What are the prime factors of 258805176?
2, 3, 7, 647, 2381
List the prime factors of 37980952.
2, 29, 31, 5281
List the prime factors of 502790597.
19, 971, 27253
List the prime factors of 172340363.
13, 2131, 6221
List the prime factors of 8360534839.
17, 877, 560771
List the prime factors of 3168542944.
2, 7, 367, 38543
What are the prime factors of 1275693784?
2, 159461723
What are the prime factors of 8207664?
2, 3, 101, 1693
List the prime factors of 3090290836.
2, 6761, 114269
What are the prime factors of 61734265?
5, 47, 443, 593
List the prime factors of 486205694.
2, 13, 23, 47, 17299
What are the prime factors of 30940878?
2, 3, 5156813
List the prime factors of 384038566.
2, 192019283
List the prime factors of 92693729.
47, 1972207
List the prime factors of 478168238.
2, 397, 602227
List the prime factors of 5670942.
2, 3, 401, 2357
What are the prime factors of 420432855?
3, 5, 19, 1475203
What are the prime factors of 7813386?
2, 3, 7, 62011
List the prime factors of 50364240.
2, 3, 5, 209851
What are the prime factors of 1549407809?
1549407809
List the prime factors of 12513949.
7, 1787707
What are the prime factors of 109480982?
2, 13, 4210807
List the prime factors of 304422681.
3, 1511, 67157
List the prime factors of 138514432.
2, 7, 4831
List the prime factors of 114637622.
2, 11, 53, 98317
What are the prime factors of 2581923577?
2581923577
List the prime factors of 758102244.
2, 3, 63175187
What are the prime factors of 12366267?
3, 29, 307, 463
List the prime factors of 705456492.
2, 3, 13, 4522157
What are the prime factors of 16161849?
3, 11, 17, 97
What are the prime factors of 74141238?
2, 3, 631, 19583
What are the prime factors of 633143279?
41, 15442519
What are the prime factors of 466444138?
2, 233222069
List the prime factors of 774196108.
2, 7, 31, 101, 8831
What are the prime factors of 3151887177?
3, 41, 25625099
List the prime factors of 67228590.
2, 3, 5, 11, 13, 15671
What are the prime factors of 5318763073?
13, 97, 4217893
What are the prime factors of 66932802?
2, 3, 3718489
What are the prime factors of 2537622096?
2, 3, 17, 59, 52709
List the prime factors of 14191177.
7, 11, 13, 14177
What are the prime factors of 130262521?
47, 109, 541
What are the prime factors of 209742032?
2, 31, 422867
What are the prime factors of 1170780968?
2, 7, 31, 769, 877
What are the prime factors of 1633922335?
5, 47, 199, 34939
What are the prime factors of 742397397?
3, 7, 35352257
What are the prime factors of 282353099?
7, 40336157
What are the prime factors of 135897823?
19, 23, 101, 3079
What are the prime factors of 4267691132?
2, 59, 18083437
What are the prime factors of 3624061899?
3, 10399, 116167
List the prime factors of 143369631.
3, 2833, 5623
List the prime factors of 1514769646.
2, 13, 4481567
List the prime factors of 38127043.
38127043
What are the prime factors of 114886815?
3, 5, 167, 45863
What are the prime factors of 191670429?
3, 63890143
What are the prime factors of 28788768?
2, 3, 99961
List the prime factors of 7390248.
2, 3, 71, 4337
List the prime factors of 278504537.
278504537
What are the prime factors of 198720413?
198720413
List the prime factors of 78245265.
3, 5, 7, 433, 1721
List the prime factors of 81891128.
2, 11, 29, 32089
List the prime factors of 163097262.
2, 3, 31, 41, 7129
What are the prime factors of 92234613?
3, 43, 397, 1801
What are the prime factors of 358580302?
2, 29, 757, 8167
What are the prime factors of 1405342549?
13, 108103273
List the prime factors of 3935949921.
3, 19, 7672417
What are the prime factors of 248040277?
29, 8553113
What are the prime factors of 4158408898?
2, 7, 297029207
List the prime factors of 22114383.
3, 127, 58043
What are the prime factors of 5092078568?
2, 103, 6179707
List the prime factors of 191666966.
2, 95833483
What are the prime factors of 21464473?
21464473
List the prime factors of 72874152.
2, 3, 13, 53, 113
What are the prime factors of 363096346?
2, 19, 113, 84559
List the prime factors of 186209792.
2, 363691
List the prime factors of 862129328.
2, 53883083
List the prime factors of 74871312.
2, 3, 83, 18793
What are the prime factors of 38799944?
2, 277, 17509
What are the prime factors of 44317926?
2, 3, 139, 17713
List the prime factors of 19534450.
2, 5, 13, 41, 733
What are the prime factors of 1775114006?
2, 887557003
What are the prime factors of 193477045?
5, 31, 1248239
List the prime factors of 4822622.
2, 7, 43, 8011
List the prime factors of 188305160.
2, 5, 31, 181, 839
List the prime factors of 73079003.
73079003
List the prime factors of 290933679.
3, 96977893
List the prime factors of 5546031602.
2, 37, 617, 121469
List the prime factors of 253690418.
2, 2687, 47207
List the prime factors of 1945249121.
1945249121
What are the prime factors of 4772937555?
3, 5, 11785031
What are the prime factors of 144188747?
17, 498923
List the prime factors of 1195058883.
3, 29, 13736309
What are the prime factors of 82790957?
82790957
What are the prime factors of 1317455621?
6607, 199403
What are the prime factors of 5560404?
2, 3, 617, 751
What are the prime factors of 2926896600?
2, 3, 5, 977, 4993
List the prime factors of 72382598.
2, 36191299
What are the prime factors of 2992323166?
2, 7, 213737369
What are the prime factors of 213924593?
41, 5217673
What are the prime factors of 102057883?
102057883
List the prime factors of 4235578617.
3, 233, 6059483
What are the prime factors of 111976317?
3, 421, 9851
List the prime factors of 3018185121.
3, 7, 29, 101, 49069
What are the prime factors of 394818548?
2, 587, 168151
List the prime factors of 314076834.
2, 3, 53, 401, 821
List the prime factors of 627721683.
3, 4271, 48991
What are the prime factors of 358126297?
7949, 45053
List the prime factors of 293468708.
2, 13, 683, 8263
List the prime factors of 8836519.
31, 285049
What are the prime factors of 46169305?
5, 7, 13, 29, 3499
List the prime factors of 4135270537.
41, 71, 197, 7211
List the prime factors of 6012115403.
7, 47, 18273907
What are the prime factors of 6164525?
5, 191, 1291
List the prime factors of 400995895.
5, 80199179
What are the prime facto